{"id":213,"date":"2026-04-29T10:20:07","date_gmt":"2026-04-29T09:20:07","guid":{"rendered":"https:\/\/demo-mcdonalds-92.lp-mediaposte.fr\/?page_id=213"},"modified":"2026-05-07T10:01:08","modified_gmt":"2026-05-07T09:01:08","slug":"le-tir-gagnant","status":"publish","type":"page","link":"https:\/\/demo-mcdonalds-92.lp-mediaposte.fr\/","title":{"rendered":"Le Tir Gagnant"},"content":{"rendered":"\t\t<div data-elementor-type=\"wp-page\" data-elementor-id=\"213\" class=\"elementor elementor-213\" data-elementor-post-type=\"page\">\n\t\t\t\t<div class=\"elementor-element elementor-element-0e950ad e-flex e-con-boxed e-con e-parent\" data-id=\"0e950ad\" data-element_type=\"container\" data-e-type=\"container\">\n\t\t\t\t\t<div class=\"e-con-inner\">\n\t\t<div class=\"elementor-element elementor-element-9fe50dc e-con-full e-flex e-con e-child\" data-id=\"9fe50dc\" data-element_type=\"container\" data-e-type=\"container\" data-settings=\"{&quot;position&quot;:&quot;absolute&quot;}\">\n\t\t\t\t<div class=\"elementor-element elementor-element-d7dee4e elementor-widget elementor-widget-image\" data-id=\"d7dee4e\" data-element_type=\"widget\" data-e-type=\"widget\" data-widget_type=\"image.default\">\n\t\t\t\t<div class=\"elementor-widget-container\">\n\t\t\t\t\t\t\t\t\t\t\t\t\t\t\t<img decoding=\"async\" width=\"346\" height=\"103\" src=\"https:\/\/demo-mcdonalds-92.lp-mediaposte.fr\/wp-content\/uploads\/2026\/04\/Logo_McDonalds_92.png\" class=\"attachment-full size-full wp-image-216\" alt=\"\" srcset=\"https:\/\/demo-mcdonalds-92.lp-mediaposte.fr\/wp-content\/uploads\/2026\/04\/Logo_McDonalds_92.png 346w, https:\/\/demo-mcdonalds-92.lp-mediaposte.fr\/wp-content\/uploads\/2026\/04\/Logo_McDonalds_92-300x89.png 300w\" sizes=\"(max-width: 346px) 100vw, 346px\" \/>\t\t\t\t\t\t\t\t\t\t\t\t\t\t\t<\/div>\n\t\t\t\t<\/div>\n\t\t\t\t<div class=\"elementor-element elementor-element-8190e46 elementor-widget elementor-widget-image\" data-id=\"8190e46\" data-element_type=\"widget\" data-e-type=\"widget\" data-widget_type=\"image.default\">\n\t\t\t\t<div class=\"elementor-widget-container\">\n\t\t\t\t\t\t\t\t\t\t\t\t\t\t\t<img fetchpriority=\"high\" decoding=\"async\" width=\"1977\" height=\"1566\" src=\"https:\/\/demo-mcdonalds-92.lp-mediaposte.fr\/wp-content\/uploads\/2026\/05\/Logo_TirGagnant_v2.png\" class=\"attachment-full size-full wp-image-717\" alt=\"\" srcset=\"https:\/\/demo-mcdonalds-92.lp-mediaposte.fr\/wp-content\/uploads\/2026\/05\/Logo_TirGagnant_v2.png 1977w, https:\/\/demo-mcdonalds-92.lp-mediaposte.fr\/wp-content\/uploads\/2026\/05\/Logo_TirGagnant_v2-300x238.png 300w, https:\/\/demo-mcdonalds-92.lp-mediaposte.fr\/wp-content\/uploads\/2026\/05\/Logo_TirGagnant_v2-1024x811.png 1024w, https:\/\/demo-mcdonalds-92.lp-mediaposte.fr\/wp-content\/uploads\/2026\/05\/Logo_TirGagnant_v2-768x608.png 768w, https:\/\/demo-mcdonalds-92.lp-mediaposte.fr\/wp-content\/uploads\/2026\/05\/Logo_TirGagnant_v2-1536x1217.png 1536w\" sizes=\"(max-width: 1977px) 100vw, 1977px\" \/>\t\t\t\t\t\t\t\t\t\t\t\t\t\t\t<\/div>\n\t\t\t\t<\/div>\n\t\t<div class=\"elementor-element elementor-element-f844561 e-con-full e-flex e-con e-child\" data-id=\"f844561\" data-element_type=\"container\" data-e-type=\"container\">\n\t\t\t\t<div class=\"elementor-element elementor-element-0037e3e elementor-widget elementor-widget-heading\" data-id=\"0037e3e\" data-element_type=\"widget\" data-e-type=\"widget\" data-widget_type=\"heading.default\">\n\t\t\t\t<div class=\"elementor-widget-container\">\n\t\t\t\t\t<h2 class=\"elementor-heading-title elementor-size-default\">MARQUEZ LE P\u00c9NALTY<\/h2>\t\t\t\t<\/div>\n\t\t\t\t<\/div>\n\t\t\t\t<div class=\"elementor-element elementor-element-0873134 elementor-widget elementor-widget-heading\" data-id=\"0873134\" data-element_type=\"widget\" data-e-type=\"widget\" data-widget_type=\"heading.default\">\n\t\t\t\t<div class=\"elementor-widget-container\">\n\t\t\t\t\t<h2 class=\"elementor-heading-title elementor-size-default\">pour tenter de gagner<br>\ndes remises exceptionnelles ! <\/h2>\t\t\t\t<\/div>\n\t\t\t\t<\/div>\n\t\t\t\t<\/div>\n\t\t\t\t<\/div>\n\t\t\t\t<div class=\"elementor-element elementor-element-fc46ee8 elementor-widget elementor-widget-polarized-pick-one\" data-id=\"fc46ee8\" data-element_type=\"widget\" data-e-type=\"widget\" data-widget_type=\"polarized-pick-one.default\">\n\t\t\t\t<div class=\"elementor-widget-container\">\n\t\t\t\t\t        <div class=\"ptk-instant-win ptk-instant-win--pick-one ptk-instant-win--pick-one-haunted\" data-instant-win=\"false\" data-pick-mode=\"local\" data-pick-preset=\"haunted-house\" data-iw-campaign=\"\" data-iw-type=\"pick-one\" data-iw-require-email=\"false\" data-iw-require-consent=\"false\" data-iw-reveal-flow=\"before_reveal\" data-iw-is-test=\"false\" data-iw-rules-url=\"\" data-iw-rules-label=\"View rules\" data-iw-overrides=\"{&quot;title&quot;:&quot;&quot;,&quot;description&quot;:&quot;&quot;,&quot;fallback_button_text&quot;:&quot;R\\u00e9cup\\u00e9rer ma r\\u00e9compense&quot;,&quot;cta_url&quot;:&quot;https:\\\/\\\/demo-mcdonalds-92.lp-mediaposte.fr\\\/?page_id=350&quot;}\" data-local-redirect-url=\"https:\/\/demo-mcdonalds-92.lp-mediaposte.fr\/?page_id=350\" data-local-redirect-target=\"_self\" data-local-redirect-rel=\"\" data-local-redirect-attrs=\"\" data-local-redirect-delay=\"0\" data-local-lock-once=\"false\" data-local-lock-key=\"ptk_pick_one_local_fc46ee8\" data-local-cta-placement=\"bottom-center\" data-haunted-idle-enabled=\"true\" data-haunted-action-mode=\"video_transition\" data-haunted-zoom-duration=\"420\" data-haunted-zoom-scale=\"1.350\" data-haunted-zoom-overlay=\"0.420\" data-haunted-video-timeout=\"1800\" >\n            <div class=\"ptk-iw-result\" aria-live=\"polite\">\n                <h3 class=\"ptk-iw-title\"><\/h3>\n                <p class=\"ptk-iw-description\"><\/p>\n                <a\n                    class=\"ptk-iw-cta button\"\n                    href=\"https:\/\/demo-mcdonalds-92.lp-mediaposte.fr\/?page_id=350\"\n                    target=\"_self\"\n                                                            hidden                >\n                                        <span class=\"ptk-iw-cta-label\">R\u00e9cup\u00e9rer ma r\u00e9compense<\/span>\n                                    <\/a>\n            <\/div>\n\n                                    <div class=\"ptk-iw-haunted-stage\">\n            <div class=\"ptk-iw-haunted-camera\">\n                <div class=\"ptk-iw-haunted-scene\" aria-hidden=\"true\">\n                                            <video\n                            class=\"ptk-iw-haunted-scene-video\"\n                            autoplay\n                            muted\n                            loop\n                            playsinline\n                            preload=\"metadata\"\n                                                    >\n                            <source src=\"https:\/\/demo-mcdonalds-92.lp-mediaposte.fr\/wp-content\/uploads\/2026\/04\/Video_Intro.mp4\">\n                        <\/video>\n                                    <\/div>\n\n                <div class=\"ptk-iw-haunted-hotspot-layer\">\n                                                                    <button\n                            type=\"button\"\n                            class=\"ptk-iw-pick-item ptk-iw-haunted-hotspot elementor-repeater-item-088d46d\"\n                            data-pick-index=\"1\"\n                            data-pick-label=\"Tir Gauche\"\n                                                            data-haunted-transition-video=\"https:\/\/demo-mcdonalds-92.lp-mediaposte.fr\/wp-content\/uploads\/2026\/04\/Video_Tir_Gauche.mp4\"\n                                                                                    style=\"--ptk-haunted-mobile-x:22.50%;--ptk-haunted-mobile-y:77.00%;--ptk-haunted-tablet-x:29.00%;--ptk-haunted-tablet-y:42.00%;--ptk-haunted-desktop-x:22.00%;--ptk-haunted-desktop-y:76.50%;--ptk-haunted-scale:0.960;--ptk-haunted-delay:140ms;\"\n                            aria-label=\"Tir Gauche\"\n                        >\n                            <span class=\"ptk-iw-haunted-hotspot-core\" aria-hidden=\"true\"><\/span>\n\n                            \n                                                            <span class=\"ptk-iw-raclette-visually-hidden\">Tir Gauche<\/span>\n                                                    <\/button>\n                                                                    <button\n                            type=\"button\"\n                            class=\"ptk-iw-pick-item ptk-iw-haunted-hotspot elementor-repeater-item-d24221a\"\n                            data-pick-index=\"2\"\n                            data-pick-label=\"Tir Centre\"\n                                                            data-haunted-transition-video=\"https:\/\/demo-mcdonalds-92.lp-mediaposte.fr\/wp-content\/uploads\/2026\/04\/Video_Tir_Centre.mp4\"\n                                                                                    style=\"--ptk-haunted-mobile-x:46.50%;--ptk-haunted-mobile-y:83.90%;--ptk-haunted-tablet-x:50.00%;--ptk-haunted-tablet-y:39.00%;--ptk-haunted-desktop-x:46.60%;--ptk-haunted-desktop-y:85.70%;--ptk-haunted-scale:0.980;--ptk-haunted-delay:0ms;\"\n                            aria-label=\"Tir Centre\"\n                        >\n                            <span class=\"ptk-iw-haunted-hotspot-core\" aria-hidden=\"true\"><\/span>\n\n                            \n                                                            <span class=\"ptk-iw-raclette-visually-hidden\">Tir Centre<\/span>\n                                                    <\/button>\n                                                                    <button\n                            type=\"button\"\n                            class=\"ptk-iw-pick-item ptk-iw-haunted-hotspot elementor-repeater-item-f8c2605\"\n                            data-pick-index=\"3\"\n                            data-pick-label=\"Tir Droite\"\n                                                            data-haunted-transition-video=\"https:\/\/demo-mcdonalds-92.lp-mediaposte.fr\/wp-content\/uploads\/2026\/04\/Video_Tir_Droite.mp4\"\n                                                                                    style=\"--ptk-haunted-mobile-x:74.00%;--ptk-haunted-mobile-y:77.00%;--ptk-haunted-tablet-x:71.00%;--ptk-haunted-tablet-y:42.00%;--ptk-haunted-desktop-x:74.00%;--ptk-haunted-desktop-y:76.50%;--ptk-haunted-scale:0.960;--ptk-haunted-delay:280ms;\"\n                            aria-label=\"Tir Droite\"\n                        >\n                            <span class=\"ptk-iw-haunted-hotspot-core\" aria-hidden=\"true\"><\/span>\n\n                            \n                                                            <span class=\"ptk-iw-raclette-visually-hidden\">Tir Droite<\/span>\n                                                    <\/button>\n                                    <\/div>\n            <\/div>\n            <div class=\"ptk-iw-haunted-transition-media\" aria-hidden=\"true\">\n                <video\n                    class=\"ptk-iw-haunted-transition-video\"\n                    muted\n                    playsinline\n                    preload=\"metadata\"\n                ><\/video>\n            <\/div>\n            <div class=\"ptk-iw-haunted-transition-overlay\" aria-hidden=\"true\"><\/div>\n        <\/div>\n                            <\/div>\n        \t\t\t\t<\/div>\n\t\t\t\t<\/div>\n\t\t\t\t\t<\/div>\n\t\t\t\t<\/div>\n\t\t\t\t<\/div>\n\t\t","protected":false},"excerpt":{"rendered":"<p>MARQUEZ LE P\u00c9NALTY pour tenter de gagner des remises exceptionnelles ! R\u00e9cup\u00e9rer ma r\u00e9compense Tir Gauche Tir Centre Tir Droite<\/p>\n","protected":false},"author":2,"featured_media":0,"parent":0,"menu_order":0,"comment_status":"closed","ping_status":"closed","template":"","meta":{"footnotes":""},"class_list":["post-213","page","type-page","status-publish","hentry"],"_links":{"self":[{"href":"https:\/\/demo-mcdonalds-92.lp-mediaposte.fr\/index.php?rest_route=\/wp\/v2\/pages\/213","targetHints":{"allow":["GET"]}}],"collection":[{"href":"https:\/\/demo-mcdonalds-92.lp-mediaposte.fr\/index.php?rest_route=\/wp\/v2\/pages"}],"about":[{"href":"https:\/\/demo-mcdonalds-92.lp-mediaposte.fr\/index.php?rest_route=\/wp\/v2\/types\/page"}],"author":[{"embeddable":true,"href":"https:\/\/demo-mcdonalds-92.lp-mediaposte.fr\/index.php?rest_route=\/wp\/v2\/users\/2"}],"replies":[{"embeddable":true,"href":"https:\/\/demo-mcdonalds-92.lp-mediaposte.fr\/index.php?rest_route=%2Fwp%2Fv2%2Fcomments&post=213"}],"version-history":[{"count":3,"href":"https:\/\/demo-mcdonalds-92.lp-mediaposte.fr\/index.php?rest_route=\/wp\/v2\/pages\/213\/revisions"}],"predecessor-version":[{"id":720,"href":"https:\/\/demo-mcdonalds-92.lp-mediaposte.fr\/index.php?rest_route=\/wp\/v2\/pages\/213\/revisions\/720"}],"wp:attachment":[{"href":"https:\/\/demo-mcdonalds-92.lp-mediaposte.fr\/index.php?rest_route=%2Fwp%2Fv2%2Fmedia&parent=213"}],"curies":[{"name":"wp","href":"https:\/\/api.w.org\/{rel}","templated":true}]}}